1615 and 460.
115
Calculate the highest common divisor of 60819385 and 55.
55
What is the greatest common divisor of 5564396 and 146847?
1579
Calculate the highest common divisor of 269420103 and 4122.
2061
Calculate the greatest common divisor of 1216 and 3013245568.
1216
Calculate the highest common factor of 359488 and 564988.
548
Calculate the greatest common factor of 9231 and 30804.
51
What is the highest common factor of 165930636 and 516?
516
Calculate the greatest common divisor of 172 and 750176.
4
What is the greatest common divisor of 666 and 20527563?
111
Calculate the greatest common divisor of 1304600 and 950400.
2200
What is the highest common divisor of 1081 and 1008056282?
1081
What is the greatest common divisor of 7531 and 2752844085?
7531
What is the highest common divisor of 359440 and 37893962?
8986
What is the highest common factor of 1948573014 and 766?
766
Calculate the greatest common factor of 5368038 and 234.
78
What is the highest common divisor of 236351451 and 588?
147
Calculate the greatest common factor of 172 and 20187253.
43
Calculate the greatest common factor of 435428 and 1918.
14
What is the highest common factor of 1449128 and 496?
8
What is the greatest common factor of 190749 and 2479?
67
Calculate the highest common divisor of 2548 and 10198552.
364
Calculate the greatest common factor of 353960447 and 53.
53
Calculate the highest common divisor of 1799088 and 3293.
37
What is the highest common factor of 549666 and 24882?
2262
What is the highest common divisor of 8 and 592597?
1
Calculate the highest common factor of 6904 and 465181164.
3452
What is the greatest common divisor of 90954432 and 144?
144
What is the greatest common factor of 374 and 1096579?
11
Calculate the highest common factor of 17063 and 67913.
113
What is the highest common divisor of 3465 and 968310882?
693
What is the greatest common factor of 2136 and 8906764?
356
What is the greatest common factor of 455351 and 117?
13
What is the greatest common divisor of 312 and 80849392?
104
Calculate the highest common factor of 1599663238 and 548.
274
What is the greatest common factor of 180 and 5356350?
90
Calculate the greatest common divisor of 50 and 314649900.
50
Calculate the greatest common factor of 9750 and 163650.
150
Calculate the greatest common divisor of 665965 and 12305.
115
What is the highest common divisor of 46784 and 44797056?
2752
Calculate the greatest common divisor of 287612 and 10016641.
5531
What is the highest common divisor of 30440345 and 5590?
2795
Calculate the highest common factor of 22370 and 93533444.
4474
Calculate the highest common divisor of 46821123 and 207.
207
What is the greatest common divisor of 433090 and 20490?
10
What is the highest common factor of 87600 and 15300?
300
What is the greatest common factor of 18189941 and 2541?
77
What is the greatest common divisor of 413617 and 43?
43
Calculate the greatest common factor of 182350454 and 105094.
6182
What is the greatest common divisor of 23266301 and 3454?
157
What is the greatest common divisor of 191235002 and 87178?
6706
Calculate the greatest common factor of 802208 and 13849.
11
Calculate the greatest common divisor of 11403 and 7061715.
1629
What is the highest common factor of 33083561 and 2972?
743
What is the highest common factor of 333 and 11381607?
333
What is the highest common factor of 10251 and 26727774?
3417
Calculate the greatest common factor of 12 and 203949240.
12
What is the greatest common divisor of 14514222 and 3488?
218
What is the highest common factor of 496 and 1588161?
31
Calculate the greatest common divisor of 2 and 1562326.
2
Calculate the highest common divisor of 275 and 4099007.
11
What is the greatest common divisor of 495176 and 5234504?
1496
Calculate the highest common factor of 558 and 79552386.
558
What is the highest common factor of 40213414 and 5134?
302
Calculate the highest common factor of 87 and 28953357.
3
Calculate the greatest common factor of 850862895 and 354.
177
Calculate the greatest common factor of 513722380 and 1900.
380
Calculate the greatest common factor of 1014004 and 16.
4
Calculate the highest common factor of 47257 and 33110.
301
What is the highest common divisor of 4570 and 174120?
10
Calculate the highest common divisor of 1377129 and 1677.
39
What is the greatest common divisor of 710665 and 7120?
445
Calculate the greatest common factor of 11867884 and 42.
14
Calculate the greatest common factor of 3903846400 and 256.
256
What is the highest common divisor of 41695717 and 196?
49
Calculate the highest common divisor of 47905201 and 2329.
2329
Calculate the greatest common factor of 488624992 and 160.
32
What is the highest common divisor of 1139667636 and 348?
348
What is the greatest common divisor of 1309896 and 1260?
252
What is the greatest common divisor of 40039648 and 528?
176
Calculate the highest common divisor of 558 and 2079270.
18
Calculate the greatest common divisor of 1293093 and 45.
9
What is the greatest common factor of 84 and 92582637?
21
Calculate the highest common factor of 484233555 and 183.
183
What is the highest common divisor of 38 and 113824535?
19
Calculate the highest common factor of 984591 and 7533.
279
Calculate the highest common factor of 688296 and 6888.
168
Calculate the greatest common divisor of 239547 and 24990.
357
Calculate the greatest common divisor of 5661960 and 1080.
120
Calculate the highest common divisor of 258 and 225181454.
86
Calculate the greatest common factor of 182 and 25258142.
182
Calculate the greatest common factor of 2997460 and 140.
20
Calculate the greatest common factor of 3487 and 112948.
11
Calculate the highest common factor of 6957807 and 747.
249
What is the greatest common divisor of 16316 and 2736?
4
Calculate the highest common divisor of 75 and 94406205.
15
What is the highest common factor of 160055988 and 2668?
2668
Calculate the greatest common divisor of 29900253 and 299.
23
Calculate the greatest common divisor of 265902 and 269997.
273
Calculate the highest common divisor of 5 and 188599265.
5
What is the greatest common factor of 40500 and 25829280?
1620
Calculate the highest common factor of 17100 and 30186402.
114
What is the highest common divisor of 2769 and 132808?
13
What is the highest common factor of 16616 and 2232?
248
What is the highest common divisor of 36965 and 135?
5
Calculate the highest common divisor of 2517 and 6810163.
839
What is the greatest common divisor of 200 and 51145240?
40
What is the highest common divisor of 21540222 and 396?
198
What is the highest common divisor of 134 and 308956966?
134
What is the greatest common factor of 3627 and 190251?
9
What is the greatest common factor of 63496621 and 1017?
113
What is the highest common divisor of 236 and 176014582?
118
What is the greatest common divisor of 1224 and 82980672?
408
Calculate the greatest common divisor of 2350576 and 270496.
1712
Calculate the highest common factor of 372922 and 69575.
2783
What is the greatest common divisor of 143983086 and 783?
87
Calculate the highest common factor of 10852109 and 4299.
1433
Calculate the greatest common divisor of 69206004 and 52.
4
Calculate the greatest common divisor of 128 and 178880.
64
Calculate the highest common factor of 531260 and 7251800.
2020
Calculate the greatest common factor of 18672 and 49948767.
1167
Calculate the highest common factor of 6271140 and 42180.
1140
Calculate the highest common factor of 23777284 and 5035.
1007
What is the greatest common divisor of 5290 and 1257410?
230
What is the highest common factor of 5301 and 68628513?
1767
What is the highest common factor of 6480 and 284203728?
1296
Calculate the greatest common factor of 220157 and 43561.
49
Calculate the greatest common divisor of 504 and 1830808.
56
What is the greatest common divisor of 6495293 and 3479?
3479
What is the greatest common divisor of 36741 and 343578?
993
Calculate the highest common divisor of 231749 and 17115.
7
What is the highest common divisor of 8885851 and 169?
169
What is the highest common factor of 163825 and 48725?
25
Calculate the highest common divisor of 6109 and 503521.
41
Calculate the greatest common divisor of 355608 and 198.
